 w is divided by 70?
69
Let u be 0 + (-22)/(-2) + -3. Suppose -7*s - 3 = -u*s. What is the remainder when 7 is divided by s?
1
Let a = -453 - -580. What is the remainder when a is divided by 10?
7
Let a be 0*(-3)/6 - (-1 + -6). Let t(b) = 2*b**2 - 10*b + 5. Let w(k) = k**2 + 2*k + 1. What is the remainder when t(a) is divided by w(2)?
6
Let c = 3 + 1. Let f be c/((-8)/(-10)) + -1. Suppose f*i - 7*i = -75. Calculate the remainder when i is divided by 14.
11
Let m = 66 + -62. Suppose -2*s + a = -29 - 4, -3*a = -s + m. What is the remainder when 34 is divided by s?
15
Calculate the remainder when 42 is divided by 976/112 - 2/(-7).
6
Let v = 1514 + -1492. Calculate the remainder when 436 is divided by v.
18
Suppose 2*x + 3*i = 1116, 0 = -x + 5*x - 3*i - 2214. Calculate the remainder when x is divided by 31.
28
What is the remainder when 3693/27*1 - 42/(-189) is divided by 46?
45
Let m(p) = 68*p + 24. Calculate the remainder when m(1) is divided by 32.
28
Let k = 370 - 330. Calculate the remainder when k is divided by 14.
12
Let w be 2 + -2 - 0 - -8. Let r = w + -5. What is the remainder when (17 - 13) + (-8)/(-2) is divided by r?
2
Suppose -r = -4*d - 1 + 2, -2*d = -2*r - 8. Let q(b) = b**3 - 2*b**2 + 1. Calculate the remainder when (-166)/(-6) + r/(-15) is divided by q(3).
8
Suppose 80 = 53*c - 48*c. What is the remainder when 157 is divided by c?
13
Suppose -3*p + 4*g = 66, 2*p + 2*g + 23 + 21 = 0. Let n be 2/11 + (-260)/p. Let l = 21 - n. Calculate the remainder when 16 is divided by l.
7
Let a(x) = -29*x + 8. Let h be a(-5). Let b = -114 + h. Let y = 36 + -26. Calculate the remainder when b is divided by y.
9
Calculate the remainder when (-17)/((-85)/30) - -1 is divided by (-12)/(-5) - (-6)/(-15).
1
Suppose -48 = -l + 5*a, -8*a + 3*a + 42 = 4*l. Suppose 4*c = 256 + 100. What is the remainder when c is divided by l?
17
Let k = 1537 + -1507. What is the remainder when k is divided by 17?
13
Let s = 1198 - 1131. Calculate the remainder when s is divided by 38.
29
Suppose -32*g + 330 = -182. What is the remainder when g is divided by 9?
7
Calculate the remainder when 19/(38/4) + 0 is divided by (-1)/(0 - (-1)/(-1)).
0
Suppose -9*i = -59*i + 600. What is the remainder when 30 is divided by i?
6
Calculate the remainder when 301 is divided by 170/(-45)*(0 + -27).
97
Suppose -u + 9 + 0 = 0. Let j = -10 + u. Calculate the remainder when (-102)/(-6) - j*2 is divided by 7.
5
Let w be 61/3 + 5/(-15). Suppose -10*p = 48 - 128. Let c = w - p. Calculate the remainder when 35 is divided by c.
11
Let u(o) = -17*o - 32. Let r be u(-12). Suppose x - r + 45 = 0. Calculate the remainder when x is divided by 43.
41
Let w(v) = 9*v + 253. What is the remainder when w(4) is divided by 73?
70
Let j be (-4)/6 + (-208)/48. Let k = j + -5. What is the remainder when (-216)/(-20) + (-2)/k is divided by 3?
2
Suppose z - 3 = -3*w, 13 - 1 = w + 4*z. Suppose w = -3*s + 6*s - 24. Suppose -6*j = -183 + 93. Calculate the remainder when j is divided by s.
7
Let v(u) = -u**3 - 20*u**2 + 19*u - 26. Calculate the remainder when 60 is divided by v(-21).
12
Suppose -2*a - 2*a = 2*i + 564, -3*i = 4*a + 568. Let x be a + -1 + -2 + 6. Let k = -94 - x. What is the remainder when k is divided by 11?
9
Let k = 49 - 17. Let p(i) = -i**3 + 15*i**2 + 36*i - 315. What is the remainder when k is divided by p(16)?
2
Suppose 0 = -4*k + 8. Let a = 11 + 6. Let i = a - 15. Calculate the remainder when i is divided by k.
0
Let t = -224 - -271. Calculate the remainder when 183 is divided by t.
42
Let q be 0*1/(-3) - -4. Let t(d) = -3 - 7*d + q + 10*d + d. What is the remainder when 8 is divided by t(1)?
3
Suppose 4*s + 0 = 12. Let l be (-93)/(-4 + 2 - 1). Let c = l + -21. Calculate the remainder when c is divided by s.
1
What is the remainder when (-1*34)/((-10)/20) is divided by 25?
18
Let y(m) be the second derivative of -m**3/2 - 25*m**2/2 - 18*m. What is the remainder when y(-20) is divided by 13?
9
Let q be 1 - (-8)/(12/3) - -20. Suppose f + q = h - 4, f - 51 = -2*h. What is the remainder when h is divided by 4?
2
Let j(n) be the second derivative of -n**5/10 - n**4/6 + 5*n**3/3 - n**2/2 - 26*n. Calculate the remainder when j(-4) is divided by 19.
17
Let f = -6 - -20. Suppose -483 = 7*i - f*i. What is the remainder when i is divided by 24?
21
Let k(u) = -u**2 + 11*u - 14. Let h(n) = n + 5. Let g be h(5). Let a be k(g). Let j(o) = 3*o**2 + 2*o - 6. What is the remainder when j(a) is divided by 9?
7
Let n(v) = 2*v**2 - 8*v + 3. Let o be n(5). Suppose 2*k - 26 = -4*h + 2*h, 0 = -k + 2*h + o. What is the remainder when 51 is divided by k?
12
Let f(a) = a**3 + 23*a**2 + 41*a + 6. What is the remainder when 53 is divided by f(-21)?
26
Suppose m + 45 = -2*m. Let q be (-3)/m + 162/15. Calculate the remainder when 19 is divided by q/2*(-2 - -4).
8
Let k = -28 + 31. Let f = 25 + 17. Calculate the remainder when (-79)/(-3)*k - -3 is divided by f.
40
Let j = 76 - -26. Calculate the remainder when j is divided by 54.
48
Suppose -4*n - 2*a = -12, n + 14 = 5*n + 3*a. Suppose 0 = -n*u - 4, -70 = 4*m - 5*m - 4*u. What is the remainder when m is divided by 20?
18
Let t = -3 + 5. Let c be -3 - (16/56 + 102/(-14)). Calculate the remainder when t is divided by -2*(c/6)/(2/(-3)).
0
Suppose -4*t + f + 10 = 4*f, 0 = -3*t - f + 15. Let u be -4*(22/(-8) - -2). Let h(n) = n + 2. Calculate the remainder when t is divided by h(u).
2
Let z(r) = 4*r**2 - r - 4. Suppose 3*o + 0*o - 240 = 0. Let n = o - 41. Calculate the remainder when n is divided by z(-2).
11
Let u(x) = -x**3 + 12*x**2 + 5*x + 9. Suppose 79 = 4*z - q, 5*z - 27 = 3*z + 3*q. Let y = 33 - z. Calculate the remainder when u(y) is divided by 14.
13
Suppose 4*n + 2*s + 68 = 266, 2*n = s + 89. Suppose 1 = -2*p + n. Calculate the remainder when p is divided by 12.
11
Let q = -53 + 349. Calculate the remainder when q is divided by 20.
16
Suppose 5 = 3*x - 3*j - 37, j - 12 = -x. What is the remainder when 946 is divided by x?
10
Let m = 471 + -450. Let b(q) = q**2 - q - 1. Let n be b(0). Let r = n - -9. What is the remainder when m is divided by r?
5
Let m(d) = 2*d**2 + 19*d - 25. What is the remainder when 120 is divided by m(-11)?
0
Let f = -47 + 47. Suppose 3*k - 17 = -c, f = 2*k + 3*k - c - 39. Calculate the remainder when 55 is divided by k.
6
Suppose 0 = b + b - 188. Suppose 15*v - 52 = 2*v. Suppose 204 = 4*c + v*a, 0*c - 2*c = -2*a - b. Calculate the remainder when c is divided by 13.
10
Let i be -72 + (-5)/(20/12). Let r = -34 - i. What is the remainder when r is divided by 15?
11
Suppose -18*p + 1965 = -3*p. What is the remainder when p is divided by 12?
11
Let w be -1*(-2)/(6/1203). Suppose -3*m = -w - 58. Suppose 5*l - m = -48. What is the remainder when 81 is divided by l?
18
Suppose -5*d = 8*d - 9100. Calculate the remainder when d is divided by 37.
34
Let h = 351 - 336. Let z(f) = -f**3 - 2*f**2 - 2*f + 2. Calculate the remainder when z(-4) is divided by h.
12
Let j(m) = m**2 + 80*m + 990. Let z(g) = -g**3 + 6*g**2 - 2*g. Let n be z(6). Let q = 21 + n. What is the remainder when j(-15) is divided by q?
6
Let l = 620 + -584. Let v(y) = -4 - 8*y - 1 + 2. Calculate the remainder when l is divided by v(-2).
10
Calculate the remainder when 78 is divided by (21513/404)/(6/8).
7
Suppose 78*a = 26*a + 208. Let r(n) = -82*n + 1. Calculate the remainder when r(-1) is divided by a.
3
Let p = -6 - -22. Suppose 2*u + 276 = -2*u. Let l = -22 - u. Calculate the remainder when l is divided by p.
15
Let q = -92 - -95. Suppose -2*m + 15 = m - q*a, 0 = -5*a. Calculate the remainder when 1/(2*(-1)/(-38)) is divided by m.
4
Suppose -20 = -4*f, -4*x + 2*f + 43 = 5*f. Suppose 2*j = 44 + 10. Calculate the remainder when j is divided by x.
6
Suppose -988*d + 983*d = -190. Calculate the remainder when 188 is divided by d.
36
Let y = 23 - 126. Let c = -30 - y. Let h(l) = 3*l**2 + 3*l + 1. Calculate the remainder when c is divided by h(-3).
16
Let g = -27 + 31. Suppose -24 = -g*q + 2*q. Suppose -3*j = -5*j + 8, -2*u = -j - q. What is the remainder when 28 is divided by u?
4
Let l(w) = 14*w**2 - 4*w - 2. What is the remainder when 76 is divided by l(-1)?
12
Let k(z) = -1 + 0*z + 5 - 3*z - z**2 + 0. What is the remainder when 4 is divided by k(-3)?
0
Let o(a) = 14*a**2 + a - 10. Calc